{"id":317,"date":"2022-06-16T11:53:16","date_gmt":"2022-06-16T09:53:16","guid":{"rendered":"http:\/\/umbria.cultura.gov.it\/?page_id=317"},"modified":"2022-06-24T11:42:27","modified_gmt":"2022-06-24T09:42:27","slug":"corepacu","status":"publish","type":"page","link":"https:\/\/umbria.cultura.gov.it\/?page_id=317","title":{"rendered":"CoRePaCu"},"content":{"rendered":"<p>L\u2019entrata in vigore del <a href=\"https:\/\/www.normattiva.it\/atto\/caricaDettaglioAtto?atto.dataPubblicazioneGazzetta=2020-01-21&amp;atto.codiceRedazionale=20G00006&amp;atto.articolo.numero=0&amp;atto.articolo.sottoArticolo=1&amp;atto.articolo.sottoArticolo1=10&amp;qId=ffb934de-23c9-4f87-9cbf-fb74cf933540&amp;tabID=0.8111495812744292&amp;title=lbl.dettaglioAtto\">Decreto del Presidente del Consiglio dei Ministri 2 dicembre\u00a02019, n. 169<\/a>, ha confermato l&#8217;attivit\u00e0\u00a0della\u00a0<strong><em>Commissione regionale per il patrimonio culturale.<\/em><\/strong><\/p>\n<p>Ai sensi dell\u2019art. 47\u00a0del sopra citato D.P.C.M., sono gli organi collegiali cui ora spettano il coordinamento e l\u2019armonizzazione dell\u2019operato degli organi periferici del Ministero presenti in regione, con lo scopo di favorirne l\u2019integrazione interdisciplinare in un ottica di multidisciplinariet\u00e0 tra i vari Istituti.<\/p>\n<p>La Commissione \u00e8 presieduta dal Segretario regionale ed \u00e8 composta dai Soprintendenti di settore e dal Direttore del Polo museale operanti nel territorio regionale; \u00e8 integrata con i responsabili degli altri uffici periferici del Ministero che operano in ambito regionale nel caso in cui vengano esaminate tematiche che riguardano i medesimi uffici.<\/p>\n","protected":false},"excerpt":{"rendered":"<p>L\u2019entrata in vigore del Decreto del Presidente del Consiglio dei Ministri 2 dicembre\u00a02019, n.<\/p>\n","protected":false},"author":1,"featured_media":0,"parent":0,"menu_order":0,"comment_status":"closed","ping_status":"closed","template":"","meta":{"_bbp_topic_count":0,"_bbp_reply_count":0,"_bbp_total_topic_count":0,"_bbp_total_reply_count":0,"_bbp_voice_count":0,"_bbp_anonymous_reply_count":0,"_bbp_topic_count_hidden":0,"_bbp_reply_count_hidden":0,"_bbp_forum_subforum_count":0,"footnotes":""},"tags":[],"class_list":["post-317","page","type-page","status-publish","hentry"],"_links":{"self":[{"href":"https:\/\/umbria.cultura.gov.it\/index.php?rest_route=\/wp\/v2\/pages\/317","targetHints":{"allow":["GET"]}}],"collection":[{"href":"https:\/\/umbria.cultura.gov.it\/index.php?rest_route=\/wp\/v2\/pages"}],"about":[{"href":"https:\/\/umbria.cultura.gov.it\/index.php?rest_route=\/wp\/v2\/types\/page"}],"author":[{"embeddable":true,"href":"https:\/\/umbria.cultura.gov.it\/index.php?rest_route=\/wp\/v2\/users\/1"}],"replies":[{"embeddable":true,"href":"https:\/\/umbria.cultura.gov.it\/index.php?rest_route=%2Fwp%2Fv2%2Fcomments&post=317"}],"version-history":[{"count":3,"href":"https:\/\/umbria.cultura.gov.it\/index.php?rest_route=\/wp\/v2\/pages\/317\/revisions"}],"predecessor-version":[{"id":498,"href":"https:\/\/umbria.cultura.gov.it\/index.php?rest_route=\/wp\/v2\/pages\/317\/revisions\/498"}],"wp:attachment":[{"href":"https:\/\/umbria.cultura.gov.it\/index.php?rest_route=%2Fwp%2Fv2%2Fmedia&parent=317"}],"wp:term":[{"taxonomy":"post_tag","embeddable":true,"href":"https:\/\/umbria.cultura.gov.it\/index.php?rest_route=%2Fwp%2Fv2%2Ftags&post=317"}],"curies":[{"name":"wp","href":"https:\/\/api.w.org\/{rel}","templated":true}]}}

<p>L’entrata in vigore del <a href="https://www.normattiva.it/atto/caricaDettaglioAtto?atto.dataPubblicazioneGazzetta=2020-01-21&amp;atto.codiceRedazionale=20G00006&amp;atto.articolo.numero=0&amp;atto.articolo.sottoArticolo=1&amp;atto.articolo.sottoArticolo1=10&amp;qId=ffb934de-23c9-4f87-9cbf-fb74cf933540&amp;tabID=0.8111495812744292&amp;title=lbl.dettaglioAtto">Decreto del Presidente del Consiglio dei Ministri 2 dicembre 2019, n. 169</a>, ha confermato l&#8217;attività della <strong><em>Commissione regionale per il patrimonio culturale.</em></strong></p>
<p>Ai sensi dell’art. 47 del sopra citato D.P.C.M., sono gli organi collegiali cui ora spettano il coordinamento e l’armonizzazione dell’operato degli organi periferici del Ministero presenti in regione, con lo scopo di favorirne l’integrazione interdisciplinare in un ottica di multidisciplinarietà tra i vari Istituti.</p>
<p>La Commissione è presieduta dal Segretario regionale ed è composta dai Soprintendenti di settore e dal Direttore del Polo museale operanti nel territorio regionale; è integrata con i responsabili degli altri uffici periferici del Ministero che operano in ambito regionale nel caso in cui vengano esaminate tematiche che riguardano i medesimi uffici.</p>
